 hundreds digit of (-151)/((-4)/o*-3)?
1
Suppose 2738 - 877 = j + 3*d, 3*d - 9341 = -5*j. What is the hundreds digit of j?
8
Let h(z) be the third derivative of 11*z**5/60 + z**4/24 + 130*z**2 + z. Let o(r) = r**3 + 6*r**2 + 5*r - 1. Let p be o(-5). What is the tens digit of h(p)?
1
Suppose 12 = 15*n - 11*n. Suppose n*x + 500 = 5*l, 4*x - 262 = -3*l + 9. What is the tens digit of l?
9
Let u(r) = 3*r**2 + 18*r + 19. What is the tens digit of u(-12)?
3
Suppose 5*n - 32 - 1793 = -5*u, -3*n - 4*u + 1094 = 0. What is the hundreds digit of n?
3
Let g(d) = 4*d - 44. Let y be g(12). What is the tens digit of -3 + 958/y - 3/2?
3
What is the units digit of 1/42*7 - 14973/(-18)?
2
Let v be (12 + -9)*(2 + -1) + -30. What is the units digit of 1/(-9) - 462/v?
7
Suppose -g + l - 37 = 0, g - 3*g - 56 = 4*l. Let u = 59 + g. Let n = 15 + u. What is the tens digit of n?
4
Let s(t) = t**3 - t**2 + t + 9. Let w be s(0). Let l be (59 - -1)/(w/6). Suppose -2*f + 4*f = l. What is the tens digit of f?
2
Suppose 5*w + 3*p - 58 = 221, 5*p = 5*w - 255. Let d = 16 + -14. Suppose -d*n + 84 = 2*j, 2*n - j = 27 + w. What is the tens digit of n?
4
Suppose 3*w + 7 = -8, -5*t + 2740 = -4*w. Suppose r - 5*r + 336 = 2*y, 2*r + t = 3*y. What is the units digit of y?
8
Let w = -2 - -4. Suppose -2 = -w*r + 22. Let v = r + -10. What is the units digit of v?
2
Suppose 0 = x + 2*x + 189. Let h = x - -106. What is the units digit of h?
3
Let a(j) = j**2 + 12*j + 7. Let f be a(-11). What is the units digit of (-4 - 7)*-1 - f?
5
Let m(b) = -7*b**3 - 6*b**2 - 5*b - 13. What is the hundreds digit of m(-6)?
3
Let d be (-15)/((12/40)/(-1)). Let g = 24 - d. Let s = 43 + g. What is the tens digit of s?
1
Suppose 0 = 5*a - 4*o - 5874 - 1513, -a = -o - 1477. What is the tens digit of a?
7
Let c(q) = 2*q**3 - 7*q**2 - q**3 - 6*q**3 + 10 + 7*q + 6*q**3. What is the units digit of c(6)?
6
What is the thousands digit of 6/16 + (-4 - (-193509)/72)?
2
Let m(w) = -30*w - 19. Let i(y) = 3*y - 17. Let z be i(3). What is the units digit of m(z)?
1
Let l(a) = -a**3 + 3*a**2 + 5*a - 3. Suppose -4*y + 7 = -2*c - c, 5*y = 4*c + 8. What is the tens digit of l(c)?
1
Suppose -6234 = -i - 2064. What is the units digit of i?
0
Suppose 0 = 2*i + 4*p - 922, 4*p - 991 = -4*i + 853. What is the hundreds digit of i?
4
Let w be (1 - 26/4) + (-2)/4. What is the tens digit of 3/w + 12/(-8)*-13?
1
Let x be (-4080)/(-9) - (10/3 - 3). Let b = x + -287. What is the tens digit of b?
6
What is the hundreds digit of (2 + -1 + 0)/(2/3142)?
5
Suppose -8*g + 53 = -595. Suppose 2*s + 1 = g. Let x = 4 + s. What is the tens digit of x?
4
Let o = -42 - -45. Suppose 4*n + o*n = 238. What is the units digit of n?
4
Suppose -16*o = -13*o - 3. Let b be (10/(-1) - o) + 1. Let g(f) = f**2 + 7*f - 5. What is the tens digit of g(b)?
2
Let z be -55*((-18)/5)/1. Suppose 3*t = 267 + z. What is the hundreds digit of t?
1
Let i(x) = 3*x**2 + 12*x - 5. Suppose -u - 17 = v + 3*u, -6 = 3*u. What is the tens digit of i(v)?
3
Let o be 0/(-4 + 2 + 3). Let l(v) = -v**2 - 2*v + 27. Let d be l(o). What is the tens digit of (-222)/4*(-36)/d?
7
Let j(u) = 2089*u**2 - 6*u - 3. What is the hundreds digit of j(-1)?
0
Let v = 82 - -838. Suppose o - 3*o - 66 = -5*x, 2*x = 5*o + 18. What is the tens digit of 4/x + v/14?
6
Suppose -20*j = -7*j - 16757. What is the hundreds digit of j?
2
Suppose -64 = -19*f + 18*f. Suppose -5*l + 2*q - 6*q = -78, -4*q = 4*l - f. What is the units digit of l?
4
Let h(i) = 2*i**3 + 3*i**2 + 8*i + 12. What is the units digit of h(5)?
7
Let u = -60 + 220. What is the tens digit of u?
6
Suppose 5*j - 42 = 13. Suppose -6*s + 250 = -j*s. Let u = s - -74. What is the units digit of u?
4
Let t(p) = p**3 - 28*p**2 - 29*p - 20. Let n be t(29). What is the tens digit of (n/3)/(5 + 2853/(-567))?
1
Suppose 3*u - 3 = 2*f - 50, 42 = 2*f - 4*u. Suppose 0 = 4*t + 5*r - 260 + f, 4*t + 2*r - 226 = 0. What is the tens digit of t?
5
Suppose 10*x - 8 = 2. What is the hundreds digit of 1 - (-5 + x + -142)?
1
Suppose -2*w + 13 = 4*a - 15, -5*a + 5*w + 5 = 0. Suppose 3*r - 27 = -5*f - 10, -3*r = 4*f - 16. Let m = a + f. What is the units digit of m?
6
Let s(q) = -7*q + 3. Let v(c) = 35*c - 14. Let y(i) = 14*s(i) + 3*v(i). What is the tens digit of y(6)?
4
Let q be 141*1/3*-1. Let t = q + 26. What is the tens digit of 962/14 + (-6)/t?
6
Let b = -26 - -91. Let j be (-6 + (8 - 4) - -3)*0. Suppose j = -2*g - 4*a + 62, -4*g + a = -g - b. What is the units digit of g?
3
Let h(y) = -4*y + 5 - y**3 + 6*y**2 - 3 + 8 + 0. What is the units digit of h(4)?
6
Let k(g) = -g**2 + 2*g - 2. Let f be k(2). Let o be (f/3)/(3/(-18)). Let w(n) = 2*n**2 - 3*n + 4. What is the units digit of w(o)?
4
Let i be (-2)/(((-9)/(-3))/3). Let d be 0 + (4/i - 6). Let r = d + 11. What is the units digit of r?
3
Let f = 2699 + 2704. What is the hundreds digit of f?
4
Let t(a) = -a**2 + 5*a + 15. Let r be t(8). What is the units digit of (0 - 3)/r + (-852)/(-9)?
5
Let r(b) = -1972*b - 469. What is the tens digit of r(-3)?
4
Let b = 18 + -14. Suppose -77 = -r + b*k, 3*k = -5*r + 2*r + 276. Suppose 2*j + v = 74, -4*j + v + 53 + r = 0. What is the tens digit of j?
3
Let o = -1441 - -2858. What is the units digit of o?
7
What is the thousands digit of 16/(-2) - (7 - 1388)?
1
Suppose 12 + 9 = 3*b + 5*r, 2*b - r = 1. Suppose -b*x - 86 - 14 = 0. Let g = x - -80. What is the tens digit of g?
3
Let i = -35 + 50. Suppose -2*j + 5*b - i = -130, -12 = 4*b. Suppose j = -0*g + 2*g. What is the units digit of g?
5
Suppose 4*n - 66 = n. Suppose 5*w = -3*x + 167, -2*w + 226 = 4*x + n. What is the tens digit of x?
4
Suppose 3*h - 699 = 2*l - 4*l, 2*h + 1081 = 3*l. What is the units digit of 6/(-8) + l/28?
2
Let w = 18 + 0. Let c = 14 + w. What is the units digit of c?
2
Suppose 2*y = -k + 6, -4*y - 2 = k - 12. Suppose y*w + 2 - 8 = 0, 2*q + 2*w - 178 = 0. Let x = -42 + q. What is the tens digit of x?
4
Let t = -43 + 44. Suppose -8 = 3*w + t, -r + 2*w = -8. What is the units digit of r?
2
Let g = -1960 - -3150. What is the hundreds digit of g?
1
Suppose 0 = -6*n + 21 - 21. Suppose 3*u - 15 = n, -6*p + 4*u - 428 = -8*p. What is the tens digit of p?
0
What is the thousands digit of (-116)/(-145) + (2 - (-7041)/5)?
1
Let w = -15 - -27. Suppose 10 = 5*j, -5*a = j - 10 - w. Suppose -a*u - 3*f = -117, -u + 0*u + 5*f = -12. What is the units digit of u?
7
Let g be 3/(-5) + (12/20 - -5). Suppose -3*s + 10 = -5. Suppose 3*a - 85 = -s*r, 4*a - 48 = g*r + 42. What is the tens digit of a?
2
Let r(q) = -268*q - 128. What is the thousands digit of r(-13)?
3
Suppose 0 = -3*k - 3*i - i + 4966, -1656 = -k - i. What is the hundreds digit of k?
6
Let t be 4*(-4)/(-96) - 70/(-12). Suppose -527 = -t*x + 187. What is the units digit of x?
9
Let i(h) = -38*h**3 - 2*h**2 - 4*h - 5. Let y be i(-2). Let u be y/91 + (-4)/14. Suppose 18 = u*z - 36. What is the units digit of z?
8
Let t(h) = -584*h + 464. What is the thousands digit of t(-6)?
3
Suppose 2*z + 5*l - 785 = -2*z, -z + 188 = 4*l. What is the hundreds digit of z?
2
Suppose 2*u = 5*t - 0*t - 1375, 5*t - 5*u - 1390 = 0. Let k = t - 75. What is the hundreds digit of k?
1
Let m be 27/(-63) + (-915)/21. Suppose y = 2*y - 74. Let a = m + y. What is the units digit of a?
0
Suppose 6*g = g + 5*b + 95, 0 = -3*b. Suppose 16*y = g*y - 180. What is the units digit of -1*(-4 - y) + 4?
8
Let s = 1191 - 506. What is the units digit of s?
5
Suppose -7*z + 14*z + 35 = 0. What is the units digit of 1 + (z - -1 - -8)?
5
Let q be (80/(-100))/(2/(-5)). What is the tens digit of 5/q*-84*(-3)/30?
2
Let k(z) = -5*z**2 - 3*z + 9. Let s be k(-5). Let t = s + 58. Let m = -17 - t. What is the tens digit of m?
2
Suppose 27*k - 1000 = 25*k. What is the units digit of k?
0
Let s be 6 - -1 - (-4 + 1). What is the tens digit of (2/(-4))/(s/(-1080))?
5
Let c(f) = -3*f - 38. Let h be c(-22). Let i = h + 38. What is the tens digit of i?
6
Let d(p) = -7*p + 19. Let s be d(2). Let o(t) = t**3 - 5*t**2 - t + 17. What is the units digit of o(s)?
2
Let c = 8 - 6. Let i(g) = -5*g**2 + 2*g + 4. Let n be i(0). Suppose 3*b + 4*p + 0*p = 0, c*b = -n*p - 4. What is the units digit of b?
4
Suppose -10*f + 12 = -7*f. Suppose 3*m - 85 = -4*d, -f*d - 5*m - 15 + 98 = 0. What is the tens digit of d?
2
Let s = 189 - 404. Let t =